te w(1).
-29
Let x(k) = k**3 + 140*k**2 + 1655*k - 1162. Determine x(-127).
-1670
Let v(m) = 59*m**2 + 79*m + 6. Give v(3).
774
Let r(z) = -1486*z + 23833. Give r(16).
57
Let k(v) = -v**2 + 2805*v + 1347227. Calculate k(-418).
13
Let o(s) = 143955*s + 45921658. What is o(-319)?
13
Let h(i) = i**3 + 29*i**2 + 168*i - 147. What is h(-10)?
73
Let n(f) = -2*f**2 - 470*f + 20981. Give n(41).
-1651
Let d(s) = 7*s**2 - 445*s + 2785. Give d(56).
-183
Let p(g) = -687641*g + 12377534. Calculate p(18).
-4
Let p(y) = 2558*y**2 + 608806*y + 481. Calculate p(-238).
5
Let k(p) = -6*p + 3071. Give k(-142).
3923
Let s(r) = 87*r**2 - 28445*r - 1294. Give s(327).
14
Let o(v) = 109487*v + 547400. What is o(-5)?
-35
Let q(h) = -1618*h + 199. Give q(3).
-4655
Let v(k) = -37*k**2 - 8282*k + 680. Determine v(-224).
-664
Let h(x) = -17*x**3 - 171*x**2 + 59*x + 600. Determine h(-10).
-90
Let k(s) = 3*s**3 + 275*s**2 + 1485*s + 132. Calculate k(-86).
-1846
Let h(g) = 26225*g + 131106. Determine h(-5).
-19
Let b(k) = 6523*k + 32666. Calculate b(-5).
51
Let y(a) = 2805*a + 22372. Calculate y(-8).
-68
Let l(t) = 6*t**3 - 151*t**2 - 884*t + 417. Calculate l(30).
-3
Let u(y) = y**3 + 32*y**2 + 18*y - 348. Give u(-30).
912
Let t(l) = 1542*l + 10467. What is t(-7)?
-327
Let f(m) = m**2 - 2589*m + 96956. Calculate f(38).
18
Let v(r) = r**2 + 2939*r - 15. Calculate v(0).
-15
Let k(f) = -3*f**2 - 572*f + 9126. What is k(15)?
-129
Let b(h) = 308*h**3 + 166*h - 164. Calculate b(1).
310
Let u(t) = 843*t + 43359. What is u(-51)?
366
Let g(k) = 2*k**2 + 8433*k - 409357. Calculate g(48).
35
Let y(c) = -c**3 + 13*c**2 + 148*c - 1667. Calculate y(14).
209
Let w(f) = -515*f + 27257. Calculate w(53).
-38
Let x(w) = -13*w**2 + 498*w - 4866. Calculate x(20).
-106
Let v(j) = j**2 - 3*j - 7066. What is v(-83)?
72
Let z(t) = -4*t**2 - 11606*t + 46458. What is z(4)?
-30
Let z(b) = b**2 + 25858*b - 258631. Determine z(10).
49
Let k(r) = 126*r**2 - 1121*r - 67. Give k(9).
50
Let v(b) = -27178*b + 1820930. What is v(67)?
4
Let i(a) = a**2 - 1049*a + 24745. Calculate i(24).
145
Let x(l) = -l**2 - 155*l - 5971. Determine x(-70).
-21
Let m(v) = -v**3 + 45*v**2 + 334*v - 14396. Give m(46).
-1148
Let r(k) = 1834*k + 150299. What is r(-82)?
-89
Let q(w) = -949450*w - 6646124. Calculate q(-7).
26
Let h(z) = z**3 + 39*z**2 + 74*z + 65. Determine h(-30).
5945
Let j(p) = -13*p**2 + 653*p - 1308. What is j(2)?
-54
Let t(b) = b**2 + 348*b - 15021. Calculate t(39).
72
Let g(u) = -6*u**2 + 1279*u + 24970. What is g(-18)?
4
Let s(b) = -158*b + 1387. Determine s(9).
-35
Let x(y) = -2*y**2 - 2125*y + 268222. Give x(114).
-20
Let n(w) = 1731*w - 12632. Determine n(7).
-515
Let h(i) = 2*i**2 - 218*i - 2710. Calculate h(-11).
-70
Let y(v) = -156*v - 11050. Calculate y(-69).
-286
Let x(t) = -3*t**3 + 2191*t**2 + 10289*t + 755. Determine x(735).
20
Let q(g) = -2*g**2 - 68*g + 1518. Determine q(15).
48
Let v(b) = b**2 - 6224*b + 80755. What is v(13)?
12
Let z(i) = 165*i - 9122. Calculate z(55).
-47
Let n(y) = 617584*y - 4940679. What is n(8)?
-7
Let k(q) = 958*q**3 + 2874*q**2 - 37*q - 87. What is k(-3)?
24
Let y(i) = -i**3 - 16*i**2 + 82*i + 373. What is y(-11)?
-1134
Let z(h) = -311*h + 49783. Give z(160).
23
Let x(a) = -37*a - 1283. Determine x(-56).
789
Let j(g) = 19367*g**2 - 1646194*g - 81. Calculate j(85).
4
Let n(j) = -6*j**2 - 213*j + 7218. Give n(22).
-372
Let t(n) = 7751*n - 317807. Determine t(41).
-16
Let o(g) = -g**3 - 17*g**2 + 152*g - 77. Determine o(-24).
307
Let d(b) = 5190*b + 384204. Calculate d(-74).
144
Let i(z) = -6*z**2 + 4036*z - 195894. Give i(620).
26
Let v(h) = 110*h**2 + 11*h - 55. Calculate v(5).
2750
Let i(g) = -g**2 + 495*g - 31258. Determine i(82).
2608
Let v(d) = -d**3 + 27*d**2 - 204*d + 1685. Determine v(21).
47
Let o(z) = 4*z**3 + 37*z**2 + 108*z + 2881. What is o(-12)?
1
Let s(l) = -20*l**2 - 764*l - 4518. What is s(-6)?
-654
Let b(q) = -3*q**3 - 650*q**2 + 319*q + 21966. Calculate b(-217).
-168
Let t(d) = d**2 - 986*d + 19575. Give t(20).
255
Let t(f) = -1325*f - 26444. Give t(-20).
56
Let t(w) = 608*w**2 + 260*w + 261. What is t(-1)?
609
Let k(z) = 5*z**2 - 10054*z - 101042. Determine k(-10).
-2
Let w(z) = 713*z - 11453. Determine w(16).
-45
Let o(b) = -47*b**2 - 404*b - 865. Determine o(-5).
-20
Let q(v) = -5*v**2 - 27*v + 21557. What is q(62)?
663
Let p(j) = -48*j + 4763. Determine p(101).
-85
Let u(v) = 24*v**2 - 654*v + 638. Calculate u(28).
1142
Let c(f) = -44*f - 1367. Calculate c(-41).
437
Let m(g) = -g**3 - 175*g**2 - 3289*g - 3773. Calculate m(-20).
7
Let n(x) = -2*x**3 + 1747*x**2 + 259778*x - 1003. Calculate n(1003).
0
Let t(a) = -41*a**2 + 506*a + 620. What is t(12)?
788
Let m(b) = -b**2 + 19871*b + 179. What is m(0)?
179
Let o(w) = 2*w**2 + 1607*w - 100042. Determine o(58).
-108
Let d(l) = -3*l**3 - 12*l**2 - 103*l + 870. Calculate d(7).
-1468
Let n(w) = -2*w**3 - 63*w**2 - 97*w - 90. Give n(-30).
120
Let d(m) = 17*m**2 + 442*m - 876. What is d(2)?
76
Let o(y) = 7*y**2 - 17099*y + 456567. What is o(27)?
-3
Let y(t) = 480*t + 839. Give y(-2).
-121
Let g(z) = -z**3 + 15*z**2 + 121*z - 506. Determine g(3).
-35
Let v(f) = -128*f - 2482. What is v(-19)?
-50
Let q(f) = 176112*f + 33637393. What is q(-191)?
1
Let h(y) = 73*y - 6752. Determine h(97).
329
Let j(t) = t**3 + 958*t**2 + 4607*t - 150567. Determine j(-953).
7
Let j(o) = -47*o**3 - 894*o**2 - 17*o + 46. Calculate j(-19).
8
Let q(c) = -2*c**3 + 367*c**2 - 16561*c + 74. What is q(80)?
-6
Let d(j) = j**3 - 104*j**2 + 1919*j + 190. Give d(80).
110
Let j(r) = 395*r - 1281. Calculate j(7).
1484
Let q(a) = 4029*a - 217565. What is q(54)?
1
Let u(l) = 135*l + 16264. Calculate u(-138).
-2366
Let i(t) = 174*t**3 - 356*t**2 + 86*t - 138. What is i(2)?
2
Let q(f) = -2*f**2 + 920*f - 47998. Determine q(400).
2
Let g(j) = -64*j + 3539. Calculate g(51).
275
Let y(p) = p**2 - 312*p - 3463. Determine y(-10).
-243
Let w(h) = h**3 - 14*h**2 - 6940*h. What is w(0)?
0
Let u(p) = 1968*p + 62812. Give u(-31).
1804
Let t(z) = 67*z**3 - 33*z**2 - 85*z - 28. Calculate t(-2).
-526
Let x(i) = -i**3 + 1119*i**2 + 83228*i - 133. Determine x(-70).
7
Let o(m) = -1150*m + 38351. Give o(36).
-3049
Let n(c) = 9*c**3 + 61*c**2 + 1696*c + 4784. Calculate n(-3).
2
Let t(j) = 446*j**2 - 16059*j + 108. Calculate t(36).
0
Let g(k) = 25*k**2 + 3377*k - 24558. Give g(-142).
8
Let s(v) = -4032*v - 1189455. What is s(-295)?
-15
Let l(z) = -3*z**3 + 298*z**2 - 6278*z - 74. What is l(69)?
-5
Let h(d) = -223*d + 20914. Give h(95).
-271
Let k(l) = -157*l + 1061. Determine k(7).
-38
Let a(s) = 46*s + 6090. Give a(-56).
3514
Let c(d) = -12*d**3 + 36*d**2 + 1778*d - 7183. Calculate c(4).
-263
Let f(a) = -322*a**2 - 4812*a - 26. Calculate f(-15).
-296
Let a(k) = 1155*k + 343048. Calculate a(-297).
13
Let w(s) = 307*s**2 - 216424*s - 7752. What is w(705)?
3
Let t(z) = 5*z**3 - 21*z**2 - 59*z + 176. Calculate t(6).
146
Let b(g) = 5*g**3 + 595*g**2 - 2461*g - 122. Calculate b(-123).
1
Let z(p) = 32*p**3 - 415*p**2 + 261*p - 3523. What is z(13)?
39
Let c(x) = 65800*x - 1316006. Give c(20).
-6
Let z(s) = -352*s + 36608. What is z(109)?
-1760
Let x(k) = -2*k**3 + 19*k**2 - 4*k - 298. Calculate x(13).
-1533
Let l(t) = -2751*t + 225617. Determine l(82).
35
Let u(b) = -5*b**2 + 82093*b - 984403. Give u(12).
-7
Let g(c) = -12*c**2 + 2264*c + 794. Calculate g(189).
38
Let w(d) = 618*d**2 - 1922*d - 26. Calculate w(3).
-230
Let z(r) = -r**3 - 7*r**2 - 573*r - 2236. What is z(-4)?
8
Let d(k) = 730*k - 10138. What is d(14)?
82
Let s(v) = v**3 - 37*v**2 + 271*v + 107. What is s(11)?
-58
Let v(y) = y**3 - 240*y**2 + 1399*y + 900. Determine v(234).
-270
Let z(s) = -2*s**3 - 64*s**2 + 35*s + 7251. Determine z(-28).
-1
Let h(z) = -10*z + 704. Calculate h(66).
44
Let y(v) = -v**3 - 5*v**2 + 139*v + 16. What is y(-14)?
-166
Let h(l) = -49*l**2 + 14187*l - 63266. What is h(285)?
4
Let m(i) = 2*i**2 - 1922764*i + 1. What is m(0)?
1
Let l(d) = 2491*d + 32419. Give l(-13).
36
Let v(j) = 82*j + 825. What is v(-10)?
5
Let h(j) = -29470*j - 88594. What is h(-3)?
-184
Let z(k) = -k**2 - 87933*k + 8. Calculate z(0).
8
Let w(d) = 1071690*d - 1071694. Determine w(1).
-4
Let h(k) = -88*k**2 + 54*k + 332. Give h(-5).
-2138
Let i(o) = -173*o + 22159. Give i(127).
188
Let a(g) = 2*g**2 - 246547*g - 